7
What is the highest common divisor of 473344 and 48?
16
What is the highest common factor of 256 and 28?
4
Calculate the highest common factor of 889915 and 65.
65
Calculate the greatest common factor of 1736 and 6696.
248
Calculate the greatest common divisor of 5814 and 1156.
34
Calculate the highest common divisor of 7931 and 13750.
11
What is the highest common factor of 298 and 964030?
298
Calculate the highest common factor of 58457 and 147.
49
What is the highest common factor of 14 and 627914?
14
What is the highest common factor of 17150 and 550?
50
What is the greatest common factor of 250436 and 274?
274
Calculate the greatest common factor of 1905 and 2253.
3
Calculate the highest common divisor of 421175 and 1700.
425
Calculate the highest common factor of 63 and 44739.
9
What is the greatest common factor of 18 and 1967022?
18
Calculate the highest common divisor of 282 and 306111.
141
What is the greatest common factor of 6723 and 72414?
81
What is the greatest common factor of 249175 and 165?
5
What is the greatest common factor of 18 and 2699217?
9
Calculate the greatest common divisor of 5229 and 15435.
63
Calculate the greatest common divisor of 3123 and 63.
9
What is the greatest common factor of 35721 and 38955?
147
Calculate the greatest common divisor of 1881 and 6270.
627
What is the highest common factor of 1003890 and 57102?
1842
What is the highest common divisor of 1843695 and 945?
945
What is the greatest common divisor of 1739 and 799?
47
What is the greatest common factor of 520 and 445?
5
Calculate the greatest common factor of 31800 and 72.
24
Calculate the highest common factor of 74119 and 705.
47
What is the greatest common divisor of 9804 and 2881?
43
What is the greatest common divisor of 1120 and 1728?
32
What is the highest common divisor of 36 and 136854?
18
Calculate the highest common divisor of 3 and 23939.
1
Calculate the highest common factor of 396 and 218394.
198
Calculate the greatest common divisor of 10120 and 1888645.
1265
Calculate the highest common factor of 208 and 77740.
52
Calculate the greatest common divisor of 350 and 196518.
14
Calculate the greatest common factor of 132 and 1819488.
132
What is the highest common divisor of 1248 and 1703?
13
What is the greatest common factor of 6906210 and 60?
30
Calculate the greatest common factor of 4592 and 420742.
574
Calculate the greatest common divisor of 305019 and 18.
9
Calculate the highest common divisor of 572 and 70334.
22
Calculate the highest common divisor of 184520 and 210.
70
What is the highest common factor of 1394 and 24313?
41
What is the highest common factor of 30536 and 18920?
88
Calculate the greatest common factor of 89562 and 101706.
1518
What is the highest common factor of 25542 and 189?
27
What is the highest common divisor of 3 and 48280?
1
What is the highest common divisor of 302262 and 36?
6
Calculate the highest common factor of 70 and 2153.
1
What is the greatest common divisor of 138 and 1472?
46
Calculate the highest common factor of 955811 and 2001.
667
What is the highest common divisor of 843408 and 72?
72
Calculate the highest common divisor of 17934 and 21350.
854
What is the greatest common factor of 44 and 57256?
4
What is the highest common divisor of 774 and 118809?
387
What is the greatest common divisor of 17168 and 145?
29
What is the highest common divisor of 283153 and 368?
23
Calculate the greatest common divisor of 15141 and 108047.
103
What is the highest common factor of 36 and 1249956?
36
What is the highest common factor of 3741 and 14835?
129
Calculate the greatest common divisor of 82991 and 74.
37
What is the highest common factor of 10465 and 64155?
455
What is the highest common factor of 68 and 1444660?
68
What is the highest common factor of 72 and 187308?
36
What is the greatest common factor of 103 and 14092769?
103
What is the highest common divisor of 14970 and 390?
30
Calculate the highest common factor of 397290 and 1066.
82
Calculate the highest common divisor of 13213 and 8507.
181
What is the highest common divisor of 9669 and 33?
33
Calculate the highest common divisor of 23555 and 455.
35
Calculate the highest common divisor of 662119 and 622.
311
Calculate the greatest common factor of 213 and 236217.
213
What is the greatest common divisor of 78 and 41962?
2
What is the highest common divisor of 1208970 and 4040?
1010
What is the highest common divisor of 55 and 53555?
5
What is the greatest common factor of 51 and 5247?
3
Calculate the highest common divisor of 878 and 3014174.
878
What is the highest common factor of 11225 and 7725?
25
What is the highest common factor of 258438 and 266?
38
Calculate the highest common divisor of 2920975 and 775.
775
Calculate the highest common divisor of 26524 and 152.
76
Calculate the highest common factor of 112 and 280.
56
What is the highest common factor of 323940 and 540?
60
What is the greatest common divisor of 1829 and 124?
31
What is the highest common divisor of 2183 and 8029?
37
What is the highest common factor of 510324 and 774?
258
What is the highest common factor of 97828 and 148?
148
What is the highest common factor of 154485 and 75?
15
What is the highest common factor of 37288 and 25912?
632
Calculate the greatest common divisor of 1038 and 533878.
346
What is the greatest common divisor of 126396 and 1008?
36
What is the highest common divisor of 38768 and 128?
16
Calculate the highest common divisor of 35232 and 672.
96
Calculate the highest common divisor of 3 and 132137.
1
What is the highest common factor of 69 and 1311?
69
What is the greatest common factor of 6062 and 266?
14
What is the greatest common factor of 240502 and 38?
38
What is the highest common factor of 24216 and 5496?
24
Calculate the greatest common divisor of 20 and 16916.
4
What is the highest common divisor of 11009 and 5341?
109
What is the highest common factor of 1180562 and 1561?
223
Calculate the greatest common factor of 31445 and 209.
19
What is the highest common factor of 1612 and 107601?
403
Calculate the greatest common divisor of 1291482 and 36.
18
What is the greatest common factor of 6 and 738957?
3
What is the greatest common factor of 375952 and 208?
16
Calculate the greatest common divisor of 80 and 843130.
10
What is the highest common divisor of 4 and 5455?
1
Calculate the greatest common factor of 81162 and 1670.
334
What is the highest common factor of 7066575 and 25?
25
Calculate the greatest common factor of 170 and 295970.
170
Calculate the greatest common factor of 3339 and 1323.
63
What is the greatest common factor of 2 and 1542998?
2
What is the highest common divisor of 133407 and 183?
183
Calculate the highest common divisor of 2668 and 2576.
92
What is the highest common factor of 30530 and 1278?
142
What is the highest common factor of 18048 and 24440?
376
What is the greatest common divisor of 5824 and 3635632?
1456
Calculate the greatest common factor of 398 and 425263.
199
Calculate the highest common factor of 2669 and 1003.
17
Calculate the greatest common divisor of 286 and 18942.
22
What is the highest common divisor of 165677 and 21025?
841
What is the greatest common divisor of 342724 and 752?
188
What is the highest common factor of 546 and 30084054?
546
Calculate the greatest common divisor of 130189 and 303.
101
Calculate the highest common factor of 3696 and 187.
11
Calculate the greatest common divisor of 270255 and 19995.
645
Calculate the highest common divisor of 984 and 50061.
123
What is the highest common factor of 14 and 1833566?
14
What is the highest common divisor of 301109 and 4589?
353
What is the highest common factor of 6576 and 3?
3
What is the greatest common divisor of 2911 and 3977?
41
Calculate the highest common factor of 70 and 7510.
10
What is the greatest common divisor of 6760 and 120?
40
Calculate the greatest common factor of 459 and 555849.
459
Calculate the greatest common factor of 1488 and 84072.
744
Calculate the highest common divisor of 152650 and 213.
71
Calculate the greatest common divisor of 15330 and 315.
105
What is the greatest common divisor of 317631 and 12189?
717
Calculate the highest common divisor of 225 and 17625.
75
What is the highest 